81.
480
What is the remainder when 266 is divided by 57?
38
What is the remainder when 44898 is divided by 59?
58
What is the remainder when 555 is divided by 266?
23
Calculate the remainder when 25 is divided by 13.
12
Calculate the remainder when 2174 is divided by 34.
32
What is the remainder when 614 is divided by 159?
137
What is the remainder when 4638 is divided by 20?
18
Calculate the remainder when 1220 is divided by 32.
4
Calculate the remainder when 1829 is divided by 65.
9
What is the remainder when 701 is divided by 13?
12
What is the remainder when 1165 is divided by 169?
151
What is the remainder when 206 is divided by 106?
100
Calculate the remainder when 187 is divided by 94.
93
What is the remainder when 626 is divided by 44?
10
Calculate the remainder when 205 is divided by 50.
5
Calculate the remainder when 167 is divided by 8.
7
Calculate the remainder when 6201 is divided by 132.
129
What is the remainder when 269 is divided by 68?
65
Calculate the remainder when 2422 is divided by 798.
28
Calculate the remainder when 1046 is divided by 131.
129
What is the remainder when 134 is divided by 46?
42
Calculate the remainder when 23 is divided by 13.
10
What is the remainder when 4848 is divided by 374?
360
Calculate the remainder when 1615 is divided by 493.
136
Calculate the remainder when 33 is divided by 13.
7
What is the remainder when 28 is divided by 10?
8
Calculate the remainder when 229 is divided by 21.
19
Calculate the remainder when 333 is divided by 60.
33
What is the remainder when 13 is divided by 5?
3
What is the remainder when 43 is divided by 3?
1
Calculate the remainder when 105 is divided by 11.
6
Calculate the remainder when 43 is divided by 2.
1
What is the remainder when 1135 is divided by 163?
157
Calculate the remainder when 234 is divided by 56.
10
What is the remainder when 239 is divided by 12?
11
What is the remainder when 408 is divided by 39?
18
Calculate the remainder when 513 is divided by 6.
3
What is the remainder when 343 is divided by 123?
97
Calculate the remainder when 929 is divided by 24.
17
What is the remainder when 1496 is divided by 8?
0
What is the remainder when 436 is divided by 3?
1
Calculate the remainder when 1976 is divided by 655.
11
What is the remainder when 4546 is divided by 70?
66
Calculate the remainder when 326 is divided by 49.
32
What is the remainder when 78 is divided by 41?
37
What is the remainder when 636 is divided by 11?
9
Calculate the remainder when 112 is divided by 61.
51
What is the remainder when 135 is divided by 65?
5
What is the remainder when 131 is divided by 116?
15
What is the remainder when 1033 is divided by 152?
121
Calculate the remainder when 85 is divided by 35.
15
Calculate the remainder when 639 is divided by 147.
51
Calculate the remainder when 121 is divided by 46.
29
Calculate the remainder when 857 is divided by 120.
17
Calculate the remainder when 423 is divided by 186.
51
Calculate the remainder when 75 is divided by 67.
8
Calculate the remainder when 22156 is divided by 18.
16
What is the remainder when 1083 is divided by 211?
28
Calculate the remainder when 2203 is divided by 63.
61
What is the remainder when 20499 is divided by 88?
83
Calculate the remainder when 471 is divided by 118.
117
What is the remainder when 4147 is divided by 61?
60
What is the remainder when 457 is divided by 118?
103
Calculate the remainder when 164 is divided by 75.
14
What is the remainder when 403 is divided by 117?
52
What is the remainder when 179 is divided by 18?
17
What is the remainder when 43 is divided by 26?
17
Calculate the remainder when 3232 is divided by 11.
9
What is the remainder when 563 is divided by 52?
43
Calculate the remainder when 647 is divided by 110.
97
What is the remainder when 655 is divided by 16?
15
What is the remainder when 346 is divided by 112?
10
Calculate the remainder when 131 is divided by 33.
32
What is the remainder when 29 is divided by 8?
5
Calculate the remainder when 114 is divided by 59.
55
Calculate the remainder when 572 is divided by 97.
87
Calculate the remainder when 12971 is divided by 141.
140
What is the remainder when 316 is divided by 77?
8
What is the remainder when 3443 is divided by 28?
27
What is the remainder when 373 is divided by 25?
23
Calculate the remainder when 244 is divided by 28.
20
What is the remainder when 1016 is divided by 85?
81
Calculate the remainder when 84 is divided by 53.
31
What is the remainder when 11073 is divided by 284?
281
Calculate the remainder when 74 is divided by 23.
5
What is the remainder when 94 is divided by 92?
2
What is the remainder when 1369 is divided by 71?
20
Calculate the remainder when 232 is divided by 81.
70
What is the remainder when 503 is divided by 244?
15
Calculate the remainder when 10969 is divided by 159.
157
What is the remainder when 271 is divided by 39?
37
Calculate the remainder when 410 is divided by 102.
2
Calculate the remainder when 276 is divided by 93.
90
What is the remainder when 770 is divided by 18?
14
What is the remainder when 267 is divided by 9?
6
What is the remainder when 188 is divided by 27?
26
Calculate the remainder when 236 is divided by 66.
38
Calculate the remainder when 1081 is divided by 155.
151
What is the remainder when 4958 is divided by 8?
6
What is the remainder when 3597 is divided by 25?
22
What is the remainder when 543 is divided by 55?
48
What is the remainder when 266 is divided by 5?
1
Calculate the remainder when 11240 is divided by 9.
8
Calculate the remainder when 1153 is divided by 35.
33
Calculate the remainder when 426 is divided by 235.
191
Calculate the remainder when 195 is divided by 43.
23
What is the remainder when 563 is divided by 31?
5
Calculate the remainder when 289 is divided by 64.
33
What is the remainder when 3672 is divided by 3652?
20
Calculate the remainder when 204 is divided by 179.
25
What is the remainder when 526 is divided by 48?
46
Calculate the remainder when 260 is divided by 13.
0
What is the remainder when 251 is divided by 66?
53
Calculate the remainder when 199 is divided by 28.
3
Calculate the remainder when 83 is divided by 66.
17
Calculate the remainder when 2042 is divided by 82.
74
What is the remainder when 6 is divided by 2?
0
What is the remainder when 1031 is divided by 28?
23
Calculate the remainder when 72 is divided by 8.
0
What is the remainder when 247 is divided by 65?
52
Calculate the remainder when 380 is divided by 187.
6
What is the remainder when 372 is divided by 111?
39
Calculate the remainder when 95 is divided by 20.
15
Calculate the remainder when 342 is divided by 15.
12
What is the remainder when 2909 is divided by 32?
29
Calculate the remainder when 9799 is divided by 175.
174
Calculate the remainder when 296 is divided by 155.
141
What is the remainder when 525 is divided by 106?
101
Calculate the remainder when 49 is divided by 14.
7
What is the remainder when 432 is divided by 73?
67
What is the remainder when 77 is divided by 26?
25
What is the remainder when 2554 is divided by 3?
1
What is the remainder when 1824 is divided by 10?
4
What is the remainder when 110 is divided by 19?
15
Calculate the remainder when 192 is divided by 5.
2
What is the remainder when 35854 is divided by 101?
100
Calculate the remainder when 5087 is divided by 170.
157
Calculate the remainder when 38 is divided by 8.
6
Calculate the remainder when 143 is divided by 113.
30
What is the remainder when 65 is divided by 13?
0
What is the remainder when 54 is divided by 30?
24
Calculate the remainder when 468 is divided by 261.
207
What is the remainder when 223 is divided by 106?
11
Calculate the remainder when 240 is divided by 81.
78
What is the remainder when 48 is divided by 25?
23
What is the remainder when 290 is divided by 14?
10
What is the remainder when 757 is divided by 191?
184
Calculate the remainder when 388 is divided by 13.
11
What is the remainder when 245 is divided by 124?
121
Calculate the remainder when 751 is divided by 108.
103
Calculate the remainder when 203 is divided by 50.
3
Calculate the remainder when 14498 is divided by 10.
8
Calculate the remainder when 164 is divided by 19.
12
What is the remainder when 1294 is div